64
Calculate the remainder when 121076 is divided by 60.
56
What is the remainder when 122126 is divided by 61059?
8
Calculate the remainder when 17331 is divided by 162.
159
What is the remainder when 15465 is divided by 174?
153
Calculate the remainder when 2114 is divided by 212.
206
What is the remainder when 353 is divided by 134?
85
What is the remainder when 108113 is divided by 111?
110
Calculate the remainder when 4855 is divided by 124.
19
What is the remainder when 41389 is divided by 1217?
11
What is the remainder when 406430 is divided by 4024?
6
Calculate the remainder when 350580 is divided by 45.
30
What is the remainder when 146776 is divided by 18342?
40
Calculate the remainder when 512 is divided by 511.
1
What is the remainder when 21496 is divided by 41?
12
Calculate the remainder when 7287 is divided by 138.
111
Calculate the remainder when 265122 is divided by 839.
837
Calculate the remainder when 1256 is divided by 1065.
191
Calculate the remainder when 789 is divided by 229.
102
What is the remainder when 14138 is divided by 502?
82
What is the remainder when 54127 is divided by 293?
215
Calculate the remainder when 133577 is divided by 276.
269
Calculate the remainder when 779 is divided by 717.
62
Calculate the remainder when 1255 is divided by 1216.
39
What is the remainder when 45039 is divided by 479?
13
What is the remainder when 8043 is divided by 64?
43
Calculate the remainder when 17014 is divided by 739.
17
What is the remainder when 1411944 is divided by 26?
14
Calculate the remainder when 1809 is divided by 6.
3
What is the remainder when 2786 is divided by 2776?
10
What is the remainder when 113656 is divided by 514?
62
What is the remainder when 1505738 is divided by 1074?
1064
Calculate the remainder when 278 is divided by 62.
30
What is the remainder when 16389 is divided by 26?
9
What is the remainder when 225 is divided by 135?
90
What is the remainder when 147401 is divided by 493?
487
Calculate the remainder when 14155 is divided by 77.
64
Calculate the remainder when 263 is divided by 202.
61
What is the remainder when 5268543 is divided by 382?
381
Calculate the remainder when 11579 is divided by 2866.
115
Calculate the remainder when 137122 is divided by 117.
115
What is the remainder when 4024 is divided by 158?
74
Calculate the remainder when 608841 is divided by 113.
110
Calculate the remainder when 81415 is divided by 246.
235
What is the remainder when 21891 is divided by 371?
2
What is the remainder when 67321 is divided by 22435?
16
Calculate the remainder when 31666 is divided by 674.
662
What is the remainder when 142882 is divided by 433?
425
What is the remainder when 64212 is divided by 154?
148
Calculate the remainder when 4210 is divided by 111.
103
Calculate the remainder when 20695 is divided by 8.
7
Calculate the remainder when 74118 is divided by 390.
18
What is the remainder when 17200083 is divided by 818?
815
Calculate the remainder when 32834 is divided by 2306.
550
Calculate the remainder when 3376977 is divided by 22.
21
Calculate the remainder when 17682 is divided by 122.
114
Calculate the remainder when 113166 is divided by 218.
24
What is the remainder when 2052 is divided by 7?
1
Calculate the remainder when 8741 is divided by 485.
11
What is the remainder when 368593 is divided by 23?
18
What is the remainder when 77548 is divided by 27?
4
What is the remainder when 21174 is divided by 112?
6
What is the remainder when 16010 is divided by 19?
12
Calculate the remainder when 31421 is divided by 305.
6
What is the remainder when 29891 is divided by 195?
56
Calculate the remainder when 4858 is divided by 202.
10
What is the remainder when 90118 is divided by 3337?
19
Calculate the remainder when 37369 is divided by 1384.
1
What is the remainder when 37223 is divided by 12404?
11
What is the remainder when 43573 is divided by 21784?
5
What is the remainder when 1346 is divided by 67?
6
Calculate the remainder when 9691 is divided by 113.
86
Calculate the remainder when 10247 is divided by 242.
83
Calculate the remainder when 31390 is divided by 436.
434
Calculate the remainder when 7994 is divided by 381.
374
What is the remainder when 20379 is divided by 10?
9
Calculate the remainder when 85115 is divided by 3152.
11
What is the remainder when 101827 is divided by 50910?
7
What is the remainder when 199554 is divided by 700?
54
What is the remainder when 210121 is divided by 37?
35
Calculate the remainder when 1219 is divided by 1201.
18
What is the remainder when 26609 is divided by 3203?
985
What is the remainder when 21045 is divided by 6393?
1866
What is the remainder when 987 is divided by 99?
96
What is the remainder when 2391929 is divided by 23?
21
What is the remainder when 35065 is divided by 1601?
1444
What is the remainder when 50724 is divided by 604?
592
What is the remainder when 5564 is divided by 5517?
47
What is the remainder when 714 is divided by 122?
104
Calculate the remainder when 6219 is divided by 19.
6
What is the remainder when 200038 is divided by 3637?
3
Calculate the remainder when 2152 is divided by 389.
207
Calculate the remainder when 109900 is divided by 2073.
31
What is the remainder when 442 is divided by 92?
74
Calculate the remainder when 2086 is divided by 408.
46
What is the remainder when 4224370 is divided by 732?
730
What is the remainder when 501945 is divided by 226?
225
What is the remainder when 23220 is divided by 4641?
15
What is the remainder when 91991 is divided by 24?
23
What is the remainder when 691 is divided by 111?
25
What is the remainder when 21618 is divided by 289?
232
What is the remainder when 2226247 is divided by 1322?
1321
Calculate the remainder when 23016 is divided by 13.
6
What is the remainder when 1204 is divided by 243?
232
What is the remainder when 40487 is divided by 5060?
7
What is the remainder when 4523 is divided by 50?
23
Calculate the remainder when 84461 is divided by 521.
59
What is the remainder when 114387 is divided by 82?
79
Calculate the remainder when 2624 is divided by 473.
259
What is the remainder when 19629 is divided by 3?
0
What is the remainder when 42678 is divided by 958?
526
What is the remainder when 9222 is divided by 705?
57
Calculate the remainder when 80458 is divided by 17.
14
What is the remainder when 21437 is divided by 1128?
5
Calculate the remainder when 1008320 is divided by 18.
14
What is the remainder when 1538 is divided by 18?
8
Calculate the remainder when 8037 is divided by 465.
132
Calculate the remainder when 1053446 is divided by 263361.
2
What is the remainder when 5942 is divided by 371?
6
What is the remainder when 97185 is divided by 13?
10
Calculate the remainder when 147641 is divided by 193.
189
Calculate the remainder when 11648932 is divided by 81.
79
Calculate the remainder when 46100 is divided by 293.
99
What is the remainder when 15180 is divided by 7546?
88
Calculate the remainder when 25518 is divided by 20.
18
What is the remainder when 22138 is divided by 69?
58
Calculate the remainder when 8062 is divided by 96.
94
What is the remainder when 16565 is divided by 112?
101
What is the remainder when 9819 is divided by 282?
231
What is the remainder when 32252 is divided by 146?
132
What is the remainder when 10882 is divided by 1343?
138
What is the remainder when 515987 is divided by 10?
7
Calculate the remainder when 15025 is divided by 41.
19
What is the remainder when 26477 is divided by 947?
908
Calculate the remainder when 699385 is divided by 74.
11
What is the remainder when 35566 is divided by 13?
11
What is the remainder when 1318 is divided by 579?
160
Calculate the remainder when 16067 is divided by 98.
93
Calculate the remainder when 81566 is divided by 159.
158
Calculate the remainder when 12753 is divided by 304.
289
Calculate the remainder when 157345 is divided by 149.
1
Calculate the remainder when 2967 is divided by 216.
159
Calculate the remainder when 32351 is divided by 1133.
627
Calculate the remainder when 957 is divided by 930.
27
Calculate the remainder when 27394 is divided by 885.
844
Calculate the remainder when 23037 is divided by 7640.
117
What is the remainder when 9274 is divided by 20?
14
What is 